9
Let k(h) = -2915*h + 682738. Calculate k(234).
628
Let l(u) = u**3 - 21*u**2 - 441*u + 50. Give l(34).
84
Let n(v) = -31471*v**2 + 1227371*v - 82. Give n(39).
-4
Let v(z) = -z**2 - 2230*z + 104563. What is v(46)?
-133
Let p(v) = -v**3 - 23*v**2 + 152*v + 445. Calculate p(-28).
109
Let i(f) = 3*f**2 + 7268*f + 43486. What is i(-6)?
-14
Let s(x) = 2*x**2 - 239*x - 3389. Calculate s(-13).
56
Let a(b) = b**2 - 107*b - 8859. What is a(167)?
1161
Let s(b) = 5094*b + 30631. Determine s(-6).
67
Let u(f) = -8*f**3 + 29*f**2 - 604*f + 1752. Give u(3).
-15
Let r(l) = 1264*l + 117562. What is r(-93)?
10
Let w(v) = -1162*v - 59051. Determine w(-51).
211
Let q(o) = 30*o**2 - 918*o - 10823. What is q(-12)?
4513
Let f(l) = -l**3 + 79*l**2 + 910*l - 1879. What is f(89)?
-99
Let p(j) = -21898*j - 284667. Determine p(-13).
7
Let k(p) = -1245*p**2 + 38603*p - 248. Give k(31).
0
Let c(k) = 2*k**3 + 139*k**2 + 236*k + 11472. Calculate c(-69).
-51
Let p(h) = 2*h**2 - 3449*h + 168. Give p(0).
168
Let f(j) = -2129172*j + 61745996. What is f(29)?
8
Let z(r) = -116*r**2 - 1423*r - 3225. Calculate z(-3).
0
Let f(q) = -22558*q + 67795. What is f(3)?
121
Let g(n) = 28530*n + 400063. What is g(-14)?
643
Let t(r) = 6*r**2 + 321*r + 4262. Calculate t(-25).
-13
Let h(g) = 2860*g + 33910. What is h(-12)?
-410
Let p(l) = -45*l**3 - 4*l**2 - 35*l - 111. Give p(-3).
1173
Let i(o) = -o**2 - 1638*o + 13195. Determine i(8).
27
Let l(f) = -f**2 - 122*f + 26500. Give l(113).
-55
Let a(r) = -128334*r - 1540002. Calculate a(-12).
6
Let j(b) = 5562*b + 2508492. Determine j(-451).
30
Let c(h) = 1163*h - 9798. Calculate c(8).
-494
Let f(b) = -b**3 - 2*b**2 - 45*b + 138. What is f(4)?
-138
Let n(c) = 2841*c - 27200. Give n(9).
-1631
Let c(m) = -m**2 + 1033*m - 38697. Give c(39).
69
Let u(i) = -2*i**2 - 604*i - 3559. What is u(-6)?
-7
Let i(x) = -4*x**2 - 10*x - 33. Determine i(-20).
-1433
Let p(t) = -2*t**3 + 43*t**2 + 63*t - 1408. Calculate p(21).
356
Let i(n) = n**2 - 285*n - 8290. Determine i(-27).
134
Let c(j) = -3*j**3 - 43*j**2 + 1832*j + 25847. What is c(-14)?
3
Let h(q) = 43*q**2 + 3123*q + 120. Calculate h(-72).
-1824
Let h(d) = 7464*d + 67345. Give h(-9).
169
Let t(l) = -425032*l - 850042. What is t(-2)?
22
Let h(g) = g**3 + 149*g**2 + 262*g - 5502. Calculate h(-147).
-798
Let j(p) = -5*p**3 - 406*p**2 + 3*p - 6. What is j(0)?
-6
Let z(k) = -k**2 - 194*k + 28613. Give z(98).
-3
Let i(n) = 9665*n + 3228110. Give i(-334).
0
Let d(w) = -74*w**2 - 3382*w + 31794. Determine d(8).
2
Let d(r) = -181*r**3 - 6*r**2 + 129*r + 129. What is d(-1)?
175
Let z(o) = -30*o**3 - 37*o**2 - 5*o - 5. Determine z(-3).
487
Let u(h) = 3411*h - 71536. Give u(21).
95
Let v(n) = n**3 - 41*n**2 - 547*n - 1354. What is v(52)?
-54
Let f(t) = 11433*t + 434704. Determine f(-38).
250
Let n(y) = 7*y**3 - 231*y**2 + 645*y - 36. Determine n(3).
9
Let l(z) = -31*z - 1578. Calculate l(-48).
-90
Let w(f) = 212*f - 4161. What is w(3)?
-3525
Let j(o) = -116*o**2 + 190*o - 183. What is j(1)?
-109
Let k(v) = -v**2 - 6308*v - 1802408. Give k(-300).
-8
Let d(x) = -1942*x - 25542. Give d(-13).
-296
Let y(a) = -a**2 + 1765*a + 37504. What is y(-21)?
-2
Let d(v) = 174789*v + 699153. What is d(-4)?
-3
Let z(t) = -5*t**2 - 4560*t - 123737. What is z(-884)?
23
Let v(s) = -s**3 + 162*s**2 + 54959*s - 5261. Determine v(329).
3
Let w(x) = 75228*x - 6243925. What is w(83)?
-1
Let m(k) = -83*k**2 + 4815*k - 73. Give m(58).
-15
Let g(q) = -q**2 + 447941*q - 2687609. Determine g(6).
1
Let q(a) = 16*a**2 + 256*a - 583. Determine q(-18).
-7
Let w(o) = -1195*o**2 - 51386*o - 86. Determine w(-43).
-43
Let i(x) = 6*x**2 - 874*x + 18481. What is i(120)?
1
Let i(h) = 13263*h - 1817039. Calculate i(137).
-8
Let z(b) = b**3 + 24*b**2 + 357*b - 4. Calculate z(0).
-4
Let v(m) = 4*m**2 + 1096*m + 5667. What is v(-269)?
287
Let q(g) = -9522*g - 342815. What is q(-36)?
-23
Let n(q) = -5*q**3 - 61*q**2 - 1383*q - 16461. Calculate n(-12).
-9
Let o(v) = 14*v**3 + 6*v**2 - 21*v - 330. Calculate o(6).
2784
Let s(k) = -k**2 - 326*k - 24156. What is s(-209)?
297
Let w(d) = -d**3 - 4*d**2 + 38*d - 1360. What is w(-18)?
2492
Let s(t) = 3*t**2 + 1752*t + 123537. What is s(-502)?
45
Let s(i) = -i**3 - 138*i**2 + 44*i + 468. What is s(2)?
-4
Let a(c) = 3*c**2 - 4955*c - 49588. What is a(-10)?
262
Let s(x) = -140*x**2 - 1485*x + 1509. Calculate s(1).
-116
Let g(p) = -2*p**3 - 144*p**2 + 67*p - 499. What is g(-73)?
5268
Let i(z) = -264*z + 19857. What is i(77)?
-471
Let w(k) = k**3 + 13*k**2 + 4821*k + 99218. What is w(-20)?
-2
Let u(n) = -34*n**2 - 5337*n + 335. What is u(-157)?
178
Let z(x) = -25*x**2 - 4745*x + 58. Calculate z(-190).
-892
Let a(u) = -4*u**3 + 80*u**2 - 161*u + 1795. What is a(19)?
180
Let c(t) = 8338*t - 291886. Determine c(35).
-56
Let m(t) = t**3 - 132*t**2 + 396*t - 1171. What is m(129)?
-10
Let d(y) = 12729*y + 216397. Determine d(-17).
4
Let b(g) = 70*g**2 + 4908*g + 630. Give b(-70).
70
Let x(m) = -m**3 - 59*m**2 + 290*m + 19951. Calculate x(-19).
1
Let w(y) = 6*y**2 - 235*y + 5070. Give w(24).
2886
Let p(i) = 2*i**2 - 172*i - 1217. Determine p(-7).
85
Let n(q) = -2180*q - 17482. Calculate n(-8).
-42
Let q(w) = -w**3 - 1651*w**2 + 8382*w + 168894. What is q(-1656)?
-18
Let d(q) = -8402*q + 33470. What is d(4)?
-138
Let w(f) = -f**3 - 201*f**2 + 1465*f + 1819. Give w(-208).
-53
Let y(d) = -2*d**3 - 14*d**2 + 857*d + 788. Determine y(18).
14
Let n(r) = 4031*r + 1729. Determine n(0).
1729
Let h(c) = c**3 - 94*c**2 + 1716*c - 113103. Calculate h(89).
16
Let o(n) = 90*n**2 + 12965*n - 79. What is o(-144)?
-799
Let f(a) = -10*a**2 - 482*a + 931. Give f(-52).
-1045
Let o(z) = -78145*z - 5. Give o(0).
-5
Let z(a) = -295*a - 4659. Give z(-16).
61
Let g(j) = 5*j**3 - 50*j**2 + 220*j - 268. Give g(3).
77
Let b(c) = -c**3 + 658*c**2 - 3877*c - 4757. Determine b(7).
3
Let l(t) = 105*t**2 - 7622*t + 15240. Calculate l(2).
416
Let b(r) = -r**2 - 1193905*r + 17908762. Give b(15).
-38
Let x(g) = 13438*g + 3211664. Give x(-239).
-18
Let v(w) = -8*w**2 + 498*w + 1418. Give v(65).
-12
Let c(m) = -4*m**2 + 1249*m + 22391. Give c(-17).
2
Let r(u) = -u**3 - 254*u**2 + 1208*u - 22253. Give r(-259).
280
Let w(o) = 4*o**2 - 2612*o + 333377. Give w(174).
-7
Let f(z) = -2*z**2 - 44546*z - 934589. Give f(-21).
-5
Let i(g) = g**2 - 252*g + 14992. What is i(156)?
16
Let v(q) = -1082*q + 794099. Calculate v(734).
-89
Let o(q) = -25*q**2 - 853*q - 95. Determine o(-34).
7
Let o(c) = -883*c + 90957. Give o(103).
8
Let v(j) = -212*j - 1784. Calculate v(-14).
1184
Let q(c) = -27066*c - 189403. Determine q(-7).
59
Let z(g) = -3*g**2 + 28*g + 2196. Calculate z(-26).
-560
Let u(j) = 3*j**3 + 178*j**2 + 784*j + 54249. Calculate u(-60).
9
Let i(m) = -2*m**2 + 84506*m - 67. Calculate i(0).
-67
Let p(m) = -m**3 - 187*m**2 - 8684*m + 192. What is p(-86)?
20
Let a(p) = 4*p**3 - 1263*p**2 + 959*p - 4404. Give a(315).
6
Let q(v) = -3*v**2 - 156*v - 416. What is q(-49)?
25
Let i(m) = -123*m**2 + 1584*m + 38. What is i(13)?
-157
Let l(b) = -7*b**2 - 171*b - 2315. Determine l(-12).
-1271
Let b(a) = 3*a**2 + 101*a - 46165. Give b(-142).
-15
Let b(l) = 49731*l + 149195. What is b(-3)?
2
Let y(m) = 16*m**2 - 6659*m + 121884. Determine y(397).
5
Let z(s) = -2*s**3 + 113*s**2 - 571*s + 86. Calculate z(51).
-424
Let t(w) = -5807*w - 98616. Calculate t(-17).
103
Let f(k) = k**3 + 154*k**2 - 823*k + 22003. What is f(-160)?
83
Let m(k) = -5*k**3 + 261*k**2 + 2736*k + 4. Give m(-10).
3744
Let i(m) = -m**3 + 266*m**2 + 1428*m - 167036. Give i(269).
13
Let b(o) = -o**3 - 80*o**2 + 7233*o - 17. Determine b(54).
-179
Let t(z) = 52769*z + 158310. What is t(-3)?
3
Let n(k) = -k**2 - 1401*k - 9812. Calculate n(-7).
-54
Let d(y) = 18541*y - 352276. Determine d(19).
3
Let w(c) = c**3 + 7*c**2 + 59*c - 355. Determine w(4).
57
Let n(l) = 9853*l + 49242. Determine n(-5).
-23
Let g(k) = 2052*k + 1848. Give g(-1).
-204
Let n(g) = 288*g**2 + 18149*g - 16. Calculate n(-63).
-331
Let l(h) = 53*h**2 + 752*h - 10605. Determine l(-23).
136
Let w(c) = -c**2 - 66755*c - 3068579. Give w(-46).
35
Let y(g) = -g**2 + 22*g + 11492. Give y(-96).
164
Let q(r) = r**2 - 2*r - 4299. What is q(66)?
-75
Let h(j) = -6*j**3 - 12*j**2 - 38*j - 83. What is h(-5)?
557
Let f(g) = 260*g - 13734. Calculate f(53).
46
Let c(q) = -9*q**2